{"id":8,"date":"2020-08-06T11:09:41","date_gmt":"2020-08-06T11:09:41","guid":{"rendered":"https:\/\/www.dus2030.de\/?page_id=8"},"modified":"2025-07-09T12:14:18","modified_gmt":"2025-07-09T12:14:18","slug":"kontakt","status":"publish","type":"page","link":"https:\/\/www.dus2030.de\/index.php\/kontakt\/","title":{"rendered":"Kontakt"},"content":{"rendered":"\n<p>Dies ist ein privates Internetangebot von interessierten B\u00fcrgern aus D\u00fcsseldorf<\/p>\n\n\n\n<p><strong>Impressum<\/strong><\/p>\n\n\n\n<p>Dienstanbieter Verantwortlicher<br>gem\u00e4\u00df \u00a75 TMG ist Frank Grenda.<\/p>\n\n\n\n<p><strong>Postanschrift<\/strong><br>Hasselbeckstr. 51<br>40625 D\u00fcsseldorf<\/p>\n\n\n\n<p><strong>Digitale Kontaktaufnahme<\/strong><br>E-Mail: fg [at] duesselbuerger [punkt]\u00a0 de<\/p>\n\n\n\n<p><strong>Ladungsf\u00e4hige Anschrift<\/strong><br>s.o.<\/p>\n\n\n\n<p><strong>Rechtsvorschriften<\/strong><br><\/p>\n\n\n\n<p><strong>Haftung f\u00fcr Inhalte<\/strong><br>Der Betreiber hat alle in seinem Bereich bereitgestellten Informationen nach bestem Wissen und Gewissen erarbeitet und gepr\u00fcft. Es wird jedoch keine Gew\u00e4hr f\u00fcr die Aktualit\u00e4t, Richtigkeit, Vollst\u00e4ndigkeit oder Qualit\u00e4t und jederzeitige Verf\u00fcgbarkeit der bereitgestellten Informationen \u00fcbernommen.<\/p>\n\n\n\n<p>F\u00fcr etwaige Sch\u00e4den, die beim Aufrufen oder Herunterladen von Daten durch Computerviren oder der Installation oder Nutzung von Software verursacht werden, wird nicht gehaftet.<\/p>\n\n\n\n<p>Namentlich gekennzeichnete Internetseiten und Kommentare geben die Auffassungen und Erkenntnisse der abfassenden Personen wieder. Der Betreiber beh\u00e4lt es sich ausdr\u00fccklich vor, einzelne Webseiten, Kommentare oder das gesamte Angebot ohne gesonderte Ank\u00fcndigung zu ver\u00e4ndern, zu erg\u00e4nzen, zu l\u00f6schen oder die Ver\u00f6ffentlichung zeitweise oder endg\u00fcltig einzustellen.<\/p>\n\n\n\n<p><strong>Links und Verweise<\/strong><br>Der Betreiber ist nur f\u00fcr die \u201ceigenen Inhalte\u201d, die er zur Nutzung bereith\u00e4lt, nach den einschl\u00e4gigen Gesetzen verantwortlich.<br>Von diesen eigenen Inhalten sind Querverweise (\u201cLinks\u201d) auf die Webseiten anderer Anbieter zu unterscheiden.<\/p>\n\n\n\n<p>Durch den Querverweis vermittelt der Betreiber lediglich den Zugang zur Nutzung dieser Inhalte. F\u00fcr diese \u201cfremden\u201d Inhalte ist er nicht verantwortlich, da er die \u00dcbermittlung der Information nicht veranlasst, den Adressaten der \u00fcbermittelten Informationen nicht ausw\u00e4hlt und die \u00fcbermittelten Informationen auch nicht ausgew\u00e4hlt oder ver\u00e4ndert hat. Auch eine automatische kurzzeitige Zwischenspeicherung dieser \u201cfremden Informationen\u201d erfolgt wegen der gew\u00e4hlten Aufruf- und Verlinkungsmethodik nicht, so dass sich auch dadurch keine Verantwortlichkeit des Betreibers f\u00fcr diese fremden Inhalte ergibt.<\/p>\n\n\n\n<p>Bei der erstmaligen Verkn\u00fcpfung mit diesen Internetangeboten haben die Autoren der jeweiligen Webseiten oder die Redaktion des Betreibers den fremden Inhalt jedoch daraufhin \u00fcberpr\u00fcft, ob durch ihn eine m\u00f6gliche zivilrechtliche oder strafrechtliche Verantwortlichkeit ausgel\u00f6st wird. Sobald der Betreiber jedoch feststellt oder von anderen darauf hingewiesen wird, dass ein konkretes Angebot, zu dem es einen Link bereitgestellt hat, eine zivil- oder strafrechtliche Verantwortlichkeit ausl\u00f6st, wird es den Verweis auf dieses Angebot unverz\u00fcglich aufheben, soweit es technisch m\u00f6glich und zumutbar ist.<\/p>\n\n\n\n<p>F\u00fcr illegale, fehlerhafte oder unvollst\u00e4ndige Inhalte und insbesondere f\u00fcr Sch\u00e4den, die aus der Nutzung oder Nichtnutzung von Informationen Dritter entstehen, haftet allein der jeweilige Anbieter der Seite, auf welche verwiesen wurde.<\/p>\n\n\n\n<p><strong>Lizenz<\/strong><br>Die durch die Seitenbetreiber erstellten Inhalte und Werke auf diesen Seiten unterliegen dem deutschen Urheberrecht. Soweit nicht anders gekennzeichnet, stehen s\u00e4mtliche Werke dieses Angebots unter einer Creative Commons Namensnennung 3.0 Deutschland Lizenz.<\/p>\n\n\n\n<p>Sie d\u00fcrfen somit<\/p>\n\n\n\n<p>das Werk bzw. den Inhalt vervielf\u00e4ltigen, verbreiten und \u00f6ffentlich zug\u00e4nglich machen<br>Abwandlungen und Bearbeitungen des Werkes bzw. Inhaltes anfertigen<br>das Werk kommerziell nutzen<br>Zu den folgenden Bedingungen:<br>Namensnennung \u2013 Sie m\u00fcssen den Namen des Autors\/Rechteinhabers in der von ihm festgelegten Weise nennen.<br>Verwendete Werke und Lizenzen innerhalb dieses Webauftritts<\/p>\n\n\n\n<p><strong>Credits<\/strong><br>Das http:\/\/www.pirate-rogue.de\/ wurde entwickelt von xwolf.<br>Soweit die Inhalte auf dieser Seite nicht vom Betreiber erstellt wurden, werden die Urheberrechte Dritter beachtet. Insbesondere werden Inhalte Dritter als solche gekennzeichnet. Sollten Sie trotzdem auf eine Urheberrechtsverletzung aufmerksam werden, bitten wir um einen entsprechenden Hinweis. Bei Bekanntwerden von Rechtsverletzungen werden wir derartige Inhalte umgehend entfernen.<\/p>\n\n\n\n<p><strong>Datenschutz<\/strong><br>Die Nutzung des Webangebots ist ohne Angabe personenbezogener Daten m\u00f6glich. Eine Speicherung von Verbindungsdaten (beispielsweise die aktuell genutzte IP-Adresse in Kombination mit Zeitpunkt und einer Browseridentifikation) erfolgt nicht. Im System eintreffende IP-Adressen werden noch vor jeglicher Weiterverarbeitung anonymisiert. Zu statistischen Zwecken werden Zugriffe auf Seiten des Webangebotes verarbeitet. Dies erfolgt jedoch nur ohne personenbeziehbare Verbindungsdaten.<br>Die Nutzung von Kommentaren erfolgt auf freiwilliger Basis. Hier werden zur Wiedererkennung der verschiedenen Kommentatoren Name und E-Mailadresse abgefragt. Diese Daten werden nicht verifiziert. Es ist jedem Benutzer m\u00f6glich, hier unzutreffende Daten einzugeben.<br>Wir weisen darauf hin, dass die Daten\u00fcbertragung im Internet allgemein (z.B. bei der Kommunikation per E-Mail) Sicherheitsl\u00fccken aufweisen kann. Ein l\u00fcckenloser Schutz der Daten vor dem Zugriff durch Dritte ist nicht m\u00f6glich.<\/p>\n\n\n\n<p>Eine ausf\u00fchrliche Erkl\u00e4rung gem\u00e4\u00df DSGVO finden Sie in unseren Datenschutzbestimmungen.<\/p>\n\n\n\n<p><strong>Einbindung von Diensten und Inhalten Dritter<\/strong><br>Es kann vorkommen, dass innerhalb dieses Webangebots Inhalte Dritter, wie zum Beispiel Videos von YouTube, Kartenmaterial von Google-Maps, RSS-Feeds oder Grafiken von anderen Webseiten eingebunden werden.<br>Wir bem\u00fchen uns nur solche Inhalte zu verwenden, die direkt auf diesem Webauftritt liegen und somit keinem anderen Dienst ein Tracking erm\u00f6glichen.<br>Leider ist dies, insbesondere bei Videostreams und anderen Angeboten, die nur auf externen Plattformen bereit gestellt werden, oft nicht m\u00f6glich. In diesen F\u00e4llen haben wir keinen Einfluss darauf, falls die Dritt-Anbieter die IP-Adresse oder Eigenschaften des verwendeten Browsers speichern und auswerten.<br>Bei der Einbindung von Inhalten, bei denen die M\u00f6glichkeit besteht, Tracking zu umgehen, wird dieses genutzt. Beispielsweise bei der Nutzung von youtube-nocookie.com anstelle von youtube.com f\u00fcr die Einbindung von Videos.<\/p>\n\n\n\n<p><strong>Social Media Pr\u00e4senzen:<\/strong><br>Dieses Impressum gilt auch f\u00fcr unsere Pr\u00e4senzen unter:<br><a href=\"https:\/\/www.facebook.com\/PiratenparteiNRW\" target=\"_blank\" rel=\"noreferrer noopener\">Facebook<\/a>, <a href=\"https:\/\/www.instagram.com\/piratennrw\/\" target=\"_blank\" rel=\"noreferrer noopener\">Instagram<\/a>, <a href=\"https:\/\/twitter.com\/PiratenNRW\" target=\"_blank\" rel=\"noreferrer noopener\">Twitter<\/a>, <a href=\"https:\/\/plus.google.com\/+Piratenpartei-nrwDe\" target=\"_blank\" rel=\"noreferrer noopener\">Google+<\/a>, <a href=\"https:\/\/www.youtube.com\/user\/piratennrw\/\" target=\"_blank\" rel=\"noreferrer noopener\">Youtube<\/a>, <a href=\"https:\/\/www.flickr.com\/photos\/piratennrw\/\" target=\"_blank\" rel=\"noreferrer noopener\">Flickr<\/a>, <a href=\"https:\/\/www.pinterest.de\/piratennrw\/\" target=\"_blank\" rel=\"noreferrer noopener\">Pinterest<\/a>, <a href=\"https:\/\/www.periscope.tv\/PiratenNRW\/\" target=\"_blank\" rel=\"noreferrer noopener\">Periscope<\/a>, <a href=\"https:\/\/www.snapchat.com\/add\/piratennrw\" target=\"_blank\" rel=\"noreferrer noopener\">Snapchat<\/a>, <a href=\"https:\/\/telegram.me\/PiratenNRW\" target=\"_blank\" rel=\"noreferrer noopener\">Telegram<\/a><\/p>\n\n\n\n<p><strong>Sonstiges<\/strong><br>Der Nutzung von im Rahmen der Impressumspflicht ver\u00f6ffentlichten Kontaktdaten durch Dritte zur \u00dcbersendung von nicht ausdr\u00fccklich angeforderter Werbung und Informationsmaterialien wird hiermit ausdr\u00fccklich widersprochen. Die Betreiber der Seiten behalten sich ausdr\u00fccklich rechtliche Schritte im Falle der unverlangten Zusendung von Werbeinformationen, etwa durch Spam-Mails, vor.<\/p>\n\n\n\n<p><\/p>\n","protected":false},"excerpt":{"rendered":"<p>Dies ist ein privates Internetangebot von interessierten B\u00fcrgern aus D\u00fcsseldorf Impressum Dienstanbieter Verantwortlichergem\u00e4\u00df \u00a75 TMG ist Frank Grenda. PostanschriftHasselbeckstr. 5140625 D\u00fcsseldorf Digitale KontaktaufnahmeE-Mail: fg [at] duesselbuerger [punkt]\u00a0 de Ladungsf\u00e4hige Anschrifts.o. Rechtsvorschriften Haftung f\u00fcr InhalteDer Betreiber hat alle in seinem Bereich bereitgestellten Informationen nach bestem Wissen und Gewissen erarbeitet und gepr\u00fcft. Es wird jedoch keine Gew\u00e4hr [&hellip;]<\/p>\n","protected":false},"author":1,"featured_media":0,"parent":0,"menu_order":0,"comment_status":"closed","ping_status":"closed","template":"","meta":{"footnotes":""},"class_list":["post-8","page","type-page","status-publish","hentry"],"_links":{"self":[{"href":"https:\/\/www.dus2030.de\/index.php\/wp-json\/wp\/v2\/pages\/8","targetHints":{"allow":["GET"]}}],"collection":[{"href":"https:\/\/www.dus2030.de\/index.php\/wp-json\/wp\/v2\/pages"}],"about":[{"href":"https:\/\/www.dus2030.de\/index.php\/wp-json\/wp\/v2\/types\/page"}],"author":[{"embeddable":true,"href":"https:\/\/www.dus2030.de\/index.php\/wp-json\/wp\/v2\/users\/1"}],"replies":[{"embeddable":true,"href":"https:\/\/www.dus2030.de\/index.php\/wp-json\/wp\/v2\/comments?post=8"}],"version-history":[{"count":5,"href":"https:\/\/www.dus2030.de\/index.php\/wp-json\/wp\/v2\/pages\/8\/revisions"}],"predecessor-version":[{"id":175,"href":"https:\/\/www.dus2030.de\/index.php\/wp-json\/wp\/v2\/pages\/8\/revisions\/175"}],"wp:attachment":[{"href":"https:\/\/www.dus2030.de\/index.php\/wp-json\/wp\/v2\/media?parent=8"}],"curies":[{"name":"wp","href":"https:\/\/api.w.org\/{rel}","templated":true}]}}